{"id":8,"date":"2021-03-27T14:25:42","date_gmt":"2021-03-27T13:25:42","guid":{"rendered":"http:\/\/www.cslangholm.dk\/?page_id=8"},"modified":"2021-04-01T07:48:27","modified_gmt":"2021-04-01T05:48:27","slug":"infraroed","status":"publish","type":"page","link":"http:\/\/www.cslangholm.dk\/?page_id=8","title":{"rendered":"Infrar\u00f8d"},"content":{"rendered":"\n<p><strong><em>Infrar\u00f8d-sauna-t\u00e6ppe!<\/em><\/strong><br>Infrar\u00f8d varme gennemtr\u00e6nger huden, musklerne, knoglerne og indvoldene, hvilket resulterer i en dybdeg\u00e5ende behandling, som fremmer blodcirkulationen, aktiverer cellerne til hurtigere fornyelse og cellernes stofskifte. Det har en god effekt p\u00e5 at mindske bet\u00e6ndelse i kroppen, lindre smerter i led og ryg og skabe bedre cirkulation i kroppen.<\/p>\n\n\n\n<p>Systemet er udviklet med \u00f8je for at helbrede lidelser for\u00e5rsaget af nutidens p\u00e5virkninger p\u00e5 kroppen. Dens funktioner omfatter b\u00e5de behandling for sundhed og helbred samt for overv\u00e6gt, v\u00e6gttab mm. uden bivirkninger p\u00e5 kroppen.<\/p>\n\n\n\n<p>Sauna-t\u00e6ppet er specielt godt til:<\/p>\n\n\n\n<ul class=\"wp-block-list\"><li>H\u00f8jt blodtryk<\/li><li>Smerter<\/li><li>Afgiftning af tungmetaller<\/li><li>Udrensning<\/li><li>Manglende energi<\/li><li>D\u00e5rlig blodcirkulation<\/li><li>H\u00f8jt kolesteroltal<\/li><li>Stress<\/li><li>Bet\u00e6ndelse i kroppen<\/li><li>Stive led<\/li><li>Fibromyalgi<\/li><li>Slid- og leddegigt<\/li><\/ul>\n\n\n\n<p>Behandlingen foreg\u00e5r s\u00e5ledes: Du bliver lagt i t\u00e6ppet, som varmer med mindst 50\u00b0C. Vi finder sammen ud af, hvor meget varme t\u00e6ppet skal give. Jeg anbefaler dog omkring 70\u00b0C. De f\u00f8rste 10 min. af behandlingen f\u00e5r du en ansigtsmassage, s\u00e5 du rigtig kommer til at slappe af. Den resterne tid ligger du bare og slapper af til noget dejligt afstressende\u00a0musik.<br><br>Du ligger i undert\u00f8j under behandlingen, og det kan v\u00e6re en god id\u00e9 at have et skiftes\u00e6t med, da det godt kan blive v\u00e5dt af sved.<br><br>Det er ogs\u00e5 rigtig godt at kombinere en tur i t\u00e6ppet med en massage bagefter, uanset hvilken massage du \u00f8nsker.<br><\/p>\n\n\n\n<p><strong><em>30 min. inkl. 10 min. ansigtsmassage <u>kr. 250,-<\/u>*<br>45 min. inkl. 10. min. ansigtsmassage <u>kr. 350,-<\/u>*<br><br><\/em><\/strong>*(hvis du kombinere med en massage spare du <u>kr. 50,-<\/u>)<\/p>\n\n\n\n<p><strong><em><u>Bem\u00e6rk du m\u00e5 ikke modtage denne behandlinger i det infrar\u00f8de t\u00e6ppe hvis du har: H\u00f8j feber, en hjerte- eller arterie sygdom \u2013 har \u00e5bent og\/eller bet\u00e6ndte s\u00e5r \u2013 er gravid eller bl\u00f8der.<\/u><\/em><\/strong><\/p>\n","protected":false},"excerpt":{"rendered":"<p>Infrar\u00f8d-sauna-t\u00e6ppe!Infrar\u00f8d varme gennemtr\u00e6nger huden, musklerne, knoglerne og indvoldene, hvilket resulterer i en dybdeg\u00e5ende behandling, som fremmer blodcirkulationen, aktiverer cellerne til&hellip;<\/p>\n","protected":false},"author":1,"featured_media":99,"parent":22,"menu_order":0,"comment_status":"closed","ping_status":"closed","template":"","meta":{"footnotes":""},"class_list":["post-8","page","type-page","status-publish","has-post-thumbnail","hentry"],"_links":{"self":[{"href":"http:\/\/www.cslangholm.dk\/index.php?rest_route=\/wp\/v2\/pages\/8","targetHints":{"allow":["GET"]}}],"collection":[{"href":"http:\/\/www.cslangholm.dk\/index.php?rest_route=\/wp\/v2\/pages"}],"about":[{"href":"http:\/\/www.cslangholm.dk\/index.php?rest_route=\/wp\/v2\/types\/page"}],"author":[{"embeddable":true,"href":"http:\/\/www.cslangholm.dk\/index.php?rest_route=\/wp\/v2\/users\/1"}],"replies":[{"embeddable":true,"href":"http:\/\/www.cslangholm.dk\/index.php?rest_route=%2Fwp%2Fv2%2Fcomments&post=8"}],"version-history":[{"count":7,"href":"http:\/\/www.cslangholm.dk\/index.php?rest_route=\/wp\/v2\/pages\/8\/revisions"}],"predecessor-version":[{"id":313,"href":"http:\/\/www.cslangholm.dk\/index.php?rest_route=\/wp\/v2\/pages\/8\/revisions\/313"}],"up":[{"embeddable":true,"href":"http:\/\/www.cslangholm.dk\/index.php?rest_route=\/wp\/v2\/pages\/22"}],"wp:featuredmedia":[{"embeddable":true,"href":"http:\/\/www.cslangholm.dk\/index.php?rest_route=\/wp\/v2\/media\/99"}],"wp:attachment":[{"href":"http:\/\/www.cslangholm.dk\/index.php?rest_route=%2Fwp%2Fv2%2Fmedia&parent=8"}],"curies":[{"name":"wp","href":"https:\/\/api.w.org\/{rel}","templated":true}]}}