{"id":45,"date":"2021-03-27T14:42:07","date_gmt":"2021-03-27T13:42:07","guid":{"rendered":"http:\/\/www.cslangholm.dk\/?page_id=45"},"modified":"2021-04-01T08:07:17","modified_gmt":"2021-04-01T06:07:17","slug":"produkter","status":"publish","type":"page","link":"http:\/\/www.cslangholm.dk\/?page_id=45","title":{"rendered":"Produkter"},"content":{"rendered":"\n<p><a href=\"http:\/\/www.cslangholm.dk\/?page_id=147\" data-type=\"page\" data-id=\"147\"><strong><em>Shakes og Smoothie<\/em><\/strong><\/a><\/p>\n\n\n\n<p><a href=\"http:\/\/www.cslangholm.dk\/?page_id=157\" data-type=\"page\" data-id=\"157\"><strong><em>Barer<\/em><\/strong><\/a><\/p>\n\n\n\n<p><a href=\"http:\/\/www.cslangholm.dk\/?page_id=160\" data-type=\"page\" data-id=\"160\"><strong><em>F\u00e6rdigdrikke<\/em><\/strong><\/a><\/p>\n\n\n\n<p><a href=\"http:\/\/www.cslangholm.dk\/?page_id=150\" data-type=\"page\" data-id=\"150\"><strong><em>Supper og Gr\u00f8d<\/em><\/strong><\/a><\/p>\n\n\n\n<p><a href=\"http:\/\/www.cslangholm.dk\/?page_id=154\" data-type=\"page\" data-id=\"154\"><strong><em>F\u00e6rdigretter<\/em><\/strong><\/a><\/p>\n\n\n\n<p><a href=\"http:\/\/www.cslangholm.dk\/?page_id=163\" data-type=\"page\" data-id=\"163\"><strong><em>Andre produkter<\/em><\/strong><\/a><\/p>\n\n\n\n<p><em>Husk at bestille varer inden s\u00f8ndag kl. 18:00 for afhentning ugen efter.<\/em> <br> <\/p>\n","protected":false},"excerpt":{"rendered":"<p>Shakes og Smoothie Barer F\u00e6rdigdrikke Supper og Gr\u00f8d F\u00e6rdigretter Andre produkter Husk at bestille varer inden s\u00f8ndag kl. 18:00 for&hellip;<\/p>\n","protected":false},"author":2,"featured_media":166,"parent":0,"menu_order":0,"comment_status":"closed","ping_status":"closed","template":"","meta":{"footnotes":""},"class_list":["post-45","page","type-page","status-publish","has-post-thumbnail","hentry"],"_links":{"self":[{"href":"http:\/\/www.cslangholm.dk\/index.php?rest_route=\/wp\/v2\/pages\/45","targetHints":{"allow":["GET"]}}],"collection":[{"href":"http:\/\/www.cslangholm.dk\/index.php?rest_route=\/wp\/v2\/pages"}],"about":[{"href":"http:\/\/www.cslangholm.dk\/index.php?rest_route=\/wp\/v2\/types\/page"}],"author":[{"embeddable":true,"href":"http:\/\/www.cslangholm.dk\/index.php?rest_route=\/wp\/v2\/users\/2"}],"replies":[{"embeddable":true,"href":"http:\/\/www.cslangholm.dk\/index.php?rest_route=%2Fwp%2Fv2%2Fcomments&post=45"}],"version-history":[{"count":7,"href":"http:\/\/www.cslangholm.dk\/index.php?rest_route=\/wp\/v2\/pages\/45\/revisions"}],"predecessor-version":[{"id":326,"href":"http:\/\/www.cslangholm.dk\/index.php?rest_route=\/wp\/v2\/pages\/45\/revisions\/326"}],"wp:featuredmedia":[{"embeddable":true,"href":"http:\/\/www.cslangholm.dk\/index.php?rest_route=\/wp\/v2\/media\/166"}],"wp:attachment":[{"href":"http:\/\/www.cslangholm.dk\/index.php?rest_route=%2Fwp%2Fv2%2Fmedia&parent=45"}],"curies":[{"name":"wp","href":"https:\/\/api.w.org\/{rel}","templated":true}]}}