{"id":157,"date":"2021-03-28T14:24:01","date_gmt":"2021-03-28T12:24:01","guid":{"rendered":"http:\/\/www.cslangholm.dk\/?page_id=157"},"modified":"2021-11-21T11:07:47","modified_gmt":"2021-11-21T10:07:47","slug":"bar","status":"publish","type":"page","link":"http:\/\/www.cslangholm.dk\/?page_id=157","title":{"rendered":"Barer"},"content":{"rendered":"\n<figure class=\"wp-block-table\"><table><tbody><tr><td><img decoding=\"async\" src=\"http:\/\/www.cslangholm.dk\/wp-content\/uploads\/2021\/03\/chocolate-300x300.jpeg\" alt=\"\"><\/td><td><img decoding=\"async\" src=\"http:\/\/www.cslangholm.dk\/wp-content\/uploads\/2021\/03\/toffee-300x300.jpeg\" alt=\"\"><\/td><td><img decoding=\"async\" src=\"http:\/\/www.cslangholm.dk\/wp-content\/uploads\/2021\/03\/peanut-crisp-300x300.jpeg\" alt=\"\"><\/td><\/tr><tr><td><img decoding=\"async\" src=\"http:\/\/www.cslangholm.dk\/wp-content\/uploads\/2021\/03\/strawberry-and-apple-300x300.jpeg\" alt=\"\"><\/td><td><img decoding=\"async\" src=\"http:\/\/www.cslangholm.dk\/wp-content\/uploads\/2021\/03\/lemon-300x300.jpeg\" alt=\"\"><\/td><td><img decoding=\"async\" src=\"http:\/\/www.cslangholm.dk\/wp-content\/uploads\/2021\/03\/orange-fusion-bar-300x300.jpeg\" alt=\"\"><\/td><\/tr><\/tbody><\/table><\/figure>\n\n\n\n<p>Barer s\u00e6lges i \u00e6sker med 21 stk.<br><em><strong>Frit valg \u00e6sker <u>kr. 525,-<\/u>  pr. \u00e6ske.<\/strong><\/em><\/p>\n\n\n\n<figure class=\"wp-block-image size-large is-resized\"><img loading=\"lazy\" decoding=\"async\" src=\"http:\/\/www.cslangholm.dk\/wp-content\/uploads\/2021\/03\/salted-caramel-copy.jpeg\" alt=\"\" class=\"wp-image-201\" width=\"300\" height=\"300\" srcset=\"http:\/\/www.cslangholm.dk\/wp-content\/uploads\/2021\/03\/salted-caramel-copy.jpeg 650w, http:\/\/www.cslangholm.dk\/wp-content\/uploads\/2021\/03\/salted-caramel-copy-300x300.jpeg 300w, http:\/\/www.cslangholm.dk\/wp-content\/uploads\/2021\/03\/salted-caramel-copy-150x150.jpeg 150w\" sizes=\"auto, (max-width: 300px) 100vw, 300px\" \/><\/figure>\n\n\n\n<p>Bites med Salt Karamel, s\u00e6lges i \u00e6sker med 14 stk.<br><em><strong>Pris <u>kr. 375,-<\/u>  pr. \u00e6ske.<\/strong><\/em><\/p>\n","protected":false},"excerpt":{"rendered":"<p>Barer s\u00e6lges i \u00e6sker med 21 stk.Frit valg \u00e6sker kr. 525,- pr. \u00e6ske. Bites med Salt Karamel, s\u00e6lges i \u00e6sker&hellip;<\/p>\n","protected":false},"author":2,"featured_media":0,"parent":0,"menu_order":0,"comment_status":"closed","ping_status":"closed","template":"","meta":{"footnotes":""},"class_list":["post-157","page","type-page","status-publish","hentry"],"_links":{"self":[{"href":"http:\/\/www.cslangholm.dk\/index.php?rest_route=\/wp\/v2\/pages\/157","targetHints":{"allow":["GET"]}}],"collection":[{"href":"http:\/\/www.cslangholm.dk\/index.php?rest_route=\/wp\/v2\/pages"}],"about":[{"href":"http:\/\/www.cslangholm.dk\/index.php?rest_route=\/wp\/v2\/types\/page"}],"author":[{"embeddable":true,"href":"http:\/\/www.cslangholm.dk\/index.php?rest_route=\/wp\/v2\/users\/2"}],"replies":[{"embeddable":true,"href":"http:\/\/www.cslangholm.dk\/index.php?rest_route=%2Fwp%2Fv2%2Fcomments&post=157"}],"version-history":[{"count":8,"href":"http:\/\/www.cslangholm.dk\/index.php?rest_route=\/wp\/v2\/pages\/157\/revisions"}],"predecessor-version":[{"id":370,"href":"http:\/\/www.cslangholm.dk\/index.php?rest_route=\/wp\/v2\/pages\/157\/revisions\/370"}],"wp:attachment":[{"href":"http:\/\/www.cslangholm.dk\/index.php?rest_route=%2Fwp%2Fv2%2Fmedia&parent=157"}],"curies":[{"name":"wp","href":"https:\/\/api.w.org\/{rel}","templated":true}]}}