{"id":154,"date":"2021-03-28T14:22:57","date_gmt":"2021-03-28T12:22:57","guid":{"rendered":"http:\/\/www.cslangholm.dk\/?page_id=154"},"modified":"2021-04-01T08:04:06","modified_gmt":"2021-04-01T06:04:06","slug":"faerdigretter","status":"publish","type":"page","link":"http:\/\/www.cslangholm.dk\/?page_id=154","title":{"rendered":"F\u00e6rdigretter"},"content":{"rendered":"\n<figure class=\"wp-block-table\"><table><tbody><tr><td><img decoding=\"async\" src=\"http:\/\/www.cslangholm.dk\/wp-content\/uploads\/2021\/03\/chicken-tikka-curry-300x300.jpeg\" alt=\"\"><\/td><td><img decoding=\"async\" src=\"http:\/\/www.cslangholm.dk\/wp-content\/uploads\/2021\/03\/121-pesto_pasta_650x650-300x300.jpeg\" alt=\"\"><\/td><\/tr><\/tbody><\/table><\/figure>\n\n\n\n<p>F\u00e6rdigretter s\u00e6lges i \u00e6sker med 14 stk.<br><em><strong>Frit valg pr \u00e6ske <u>kr. 375,-<\/u> <\/strong><\/em><\/p>\n","protected":false},"excerpt":{"rendered":"<p>F\u00e6rdigretter s\u00e6lges i \u00e6sker med 14 stk.Frit valg pr \u00e6ske kr. 375,-<\/p>\n","protected":false},"author":2,"featured_media":0,"parent":0,"menu_order":0,"comment_status":"closed","ping_status":"closed","template":"","meta":{"footnotes":""},"class_list":["post-154","page","type-page","status-publish","hentry"],"_links":{"self":[{"href":"http:\/\/www.cslangholm.dk\/index.php?rest_route=\/wp\/v2\/pages\/154","targetHints":{"allow":["GET"]}}],"collection":[{"href":"http:\/\/www.cslangholm.dk\/index.php?rest_route=\/wp\/v2\/pages"}],"about":[{"href":"http:\/\/www.cslangholm.dk\/index.php?rest_route=\/wp\/v2\/types\/page"}],"author":[{"embeddable":true,"href":"http:\/\/www.cslangholm.dk\/index.php?rest_route=\/wp\/v2\/users\/2"}],"replies":[{"embeddable":true,"href":"http:\/\/www.cslangholm.dk\/index.php?rest_route=%2Fwp%2Fv2%2Fcomments&post=154"}],"version-history":[{"count":5,"href":"http:\/\/www.cslangholm.dk\/index.php?rest_route=\/wp\/v2\/pages\/154\/revisions"}],"predecessor-version":[{"id":323,"href":"http:\/\/www.cslangholm.dk\/index.php?rest_route=\/wp\/v2\/pages\/154\/revisions\/323"}],"wp:attachment":[{"href":"http:\/\/www.cslangholm.dk\/index.php?rest_route=%2Fwp%2Fv2%2Fmedia&parent=154"}],"curies":[{"name":"wp","href":"https:\/\/api.w.org\/{rel}","templated":true}]}}