{"id":147,"date":"2021-03-28T14:18:19","date_gmt":"2021-03-28T12:18:19","guid":{"rendered":"http:\/\/www.cslangholm.dk\/?page_id=147"},"modified":"2021-11-21T11:05:47","modified_gmt":"2021-11-21T10:05:47","slug":"shakes-og-smoothie","status":"publish","type":"page","link":"http:\/\/www.cslangholm.dk\/?page_id=147","title":{"rendered":"Shakes og Smoothie"},"content":{"rendered":"\n<figure class=\"wp-block-table\"><table><tbody><tr><td><img decoding=\"async\" src=\"http:\/\/www.cslangholm.dk\/wp-content\/uploads\/2021\/03\/apple-blackcurrant-300x300.jpeg\" alt=\"\"><\/td><td><img decoding=\"async\" src=\"http:\/\/www.cslangholm.dk\/wp-content\/uploads\/2021\/03\/breakfast-smoothie-300x300.jpeg\" alt=\"\"><\/td><td><img decoding=\"async\" src=\"http:\/\/www.cslangholm.dk\/wp-content\/uploads\/2021\/03\/chocolate-mint-shake-300x300.jpeg\" alt=\"\"><\/td><\/tr><tr><td><img decoding=\"async\" src=\"http:\/\/www.cslangholm.dk\/wp-content\/uploads\/2021\/03\/vanilla-shake-300x300.jpeg\" alt=\"\"><\/td><td><img decoding=\"async\" src=\"http:\/\/www.cslangholm.dk\/wp-content\/uploads\/2021\/03\/cappuccino-shake-300x300.jpeg\" alt=\"\"><\/td><td><img decoding=\"async\" src=\"http:\/\/www.cslangholm.dk\/wp-content\/uploads\/2021\/03\/strawberry-shake-300x300.jpeg\" alt=\"\"><\/td><\/tr><tr><td><img loading=\"lazy\" decoding=\"async\" src=\"http:\/\/www.cslangholm.dk\/wp-content\/uploads\/2021\/03\/Cherry-Strawberry-Smoothie-300x300.jpg\" width=\"300\" height=\"300\" alt=\"\"><\/td><td><\/td><td><\/td><\/tr><\/tbody><\/table><\/figure>\n\n\n\n<p>Shakes og Smoothie s\u00e6lges i \u00e6sker med 21 stk. <br><em><strong>Frit Valg <u>kr. 525,-<\/u>  pr. \u00e6ske.<br><\/strong><\/em><\/p>\n\n\n\n<p><br><\/p>\n","protected":false},"excerpt":{"rendered":"<p>Shakes og Smoothie s\u00e6lges i \u00e6sker med 21 stk. Frit Valg kr. 525,- pr. \u00e6ske.<\/p>\n","protected":false},"author":2,"featured_media":0,"parent":0,"menu_order":0,"comment_status":"closed","ping_status":"closed","template":"","meta":{"footnotes":""},"class_list":["post-147","page","type-page","status-publish","hentry"],"_links":{"self":[{"href":"http:\/\/www.cslangholm.dk\/index.php?rest_route=\/wp\/v2\/pages\/147","targetHints":{"allow":["GET"]}}],"collection":[{"href":"http:\/\/www.cslangholm.dk\/index.php?rest_route=\/wp\/v2\/pages"}],"about":[{"href":"http:\/\/www.cslangholm.dk\/index.php?rest_route=\/wp\/v2\/types\/page"}],"author":[{"embeddable":true,"href":"http:\/\/www.cslangholm.dk\/index.php?rest_route=\/wp\/v2\/users\/2"}],"replies":[{"embeddable":true,"href":"http:\/\/www.cslangholm.dk\/index.php?rest_route=%2Fwp%2Fv2%2Fcomments&post=147"}],"version-history":[{"count":11,"href":"http:\/\/www.cslangholm.dk\/index.php?rest_route=\/wp\/v2\/pages\/147\/revisions"}],"predecessor-version":[{"id":368,"href":"http:\/\/www.cslangholm.dk\/index.php?rest_route=\/wp\/v2\/pages\/147\/revisions\/368"}],"wp:attachment":[{"href":"http:\/\/www.cslangholm.dk\/index.php?rest_route=%2Fwp%2Fv2%2Fmedia&parent=147"}],"curies":[{"name":"wp","href":"https:\/\/api.w.org\/{rel}","templated":true}]}}