{"id":103,"date":"2021-03-27T20:18:39","date_gmt":"2021-03-27T19:18:39","guid":{"rendered":"http:\/\/www.cslangholm.dk\/?page_id=103"},"modified":"2021-04-01T08:22:10","modified_gmt":"2021-04-01T06:22:10","slug":"min-vaegttabs-historie","status":"publish","type":"page","link":"http:\/\/www.cslangholm.dk\/?page_id=103","title":{"rendered":"Min v\u00e6gttabshistorie"},"content":{"rendered":"\n<p><strong>I januar 2014 blev jeg ramt af en alvorlig hjertesygdom. Det resulterede i et l\u00e6ngere sygdomsforl\u00f8b, hvor jeg p\u00e5 blot 3 m\u00e5neder tog 15 kg p\u00e5, bl.a. fordi jeg ikke fik r\u00f8rt mig, som jeg plejede. Jeg var i forvejen lidt overv\u00e6gtig, s\u00e5 det var p\u00e5 ingen m\u00e5de s\u00e6rlig godt for mig. Da jeg efter 6 m\u00e5neders sygdom skulle tilbage til virkeligheden, var jeg oppe at veje n\u00e6sten 100 kg. Jeg besluttede mig derfor for, at jeg skulle ned p\u00e5 min normalv\u00e6gt igen, og gerne s\u00e5 hurtigt som muligt. Jeg blev introduceret for Cambridge V\u00e6gtplan, og jeg besluttede mig for at give det en chance, da jeg tidligere igennem livet havde pr\u00f8vet forskellige kure\/livsstils\u00e6ndringer, som aldrig rigtig havde virket. Efter 6 m\u00e5neder p\u00e5 Cambridge V\u00e6gtplan havde jeg tabt mig 25 kg, og jeg tabte mig yderligere 5 kg p\u00e5 3 m\u00e5neder.<br><br>Da jeg via egne erfaringer ved, hvor godt Cambridge V\u00e6gtplan er, og hvor gode produkterne er, besluttede jeg mig for at blive konsulent for Cambridge og uddanne mig til kostvejleder. Dette s\u00e6tter mig i stand til at give dig de bedste muligheder for et succesrigt v\u00e6gttab og v\u00e6gtvedligeholdelse.<\/strong><\/p>\n\n\n\n<p><strong>I For\u00e5ret 2020 blev jeg desv\u00e6rre ramt af endnu et sygdomsforl\u00f8b, hvilket gjorde, at jeg tog meget p\u00e5 igen. Ved hj\u00e6lp af 1:1 Diet Cambridge produkterne tabte jeg mig de 20 kg, jeg havde taget p\u00e5, p\u00e5 under 6 m\u00e5neder.<\/strong><\/p>\n\n\n\n<p><strong>Billederne er fra mit seneste v\u00e6gttab<\/strong><\/p>\n\n\n\n<figure class=\"wp-block-image size-large is-resized\"><img loading=\"lazy\" decoding=\"async\" src=\"http:\/\/www.cslangholm.dk\/wp-content\/uploads\/2021\/03\/Vaegttab1-683x1024.jpg\" alt=\"\" class=\"wp-image-111\" width=\"342\" height=\"512\" srcset=\"http:\/\/www.cslangholm.dk\/wp-content\/uploads\/2021\/03\/Vaegttab1-683x1024.jpg 683w, http:\/\/www.cslangholm.dk\/wp-content\/uploads\/2021\/03\/Vaegttab1-200x300.jpg 200w, http:\/\/www.cslangholm.dk\/wp-content\/uploads\/2021\/03\/Vaegttab1-768x1152.jpg 768w, http:\/\/www.cslangholm.dk\/wp-content\/uploads\/2021\/03\/Vaegttab1-1024x1536.jpg 1024w, http:\/\/www.cslangholm.dk\/wp-content\/uploads\/2021\/03\/Vaegttab1.jpg 1200w\" sizes=\"auto, (max-width: 342px) 100vw, 342px\" \/><\/figure>\n\n\n\n<p><\/p>\n","protected":false},"excerpt":{"rendered":"<p>I januar 2014 blev jeg ramt af en alvorlig hjertesygdom. Det resulterede i et l\u00e6ngere sygdomsforl\u00f8b, hvor jeg p\u00e5 blot&hellip;<\/p>\n","protected":false},"author":2,"featured_media":116,"parent":0,"menu_order":0,"comment_status":"closed","ping_status":"closed","template":"","meta":{"footnotes":""},"class_list":["post-103","page","type-page","status-publish","has-post-thumbnail","hentry"],"_links":{"self":[{"href":"http:\/\/www.cslangholm.dk\/index.php?rest_route=\/wp\/v2\/pages\/103","targetHints":{"allow":["GET"]}}],"collection":[{"href":"http:\/\/www.cslangholm.dk\/index.php?rest_route=\/wp\/v2\/pages"}],"about":[{"href":"http:\/\/www.cslangholm.dk\/index.php?rest_route=\/wp\/v2\/types\/page"}],"author":[{"embeddable":true,"href":"http:\/\/www.cslangholm.dk\/index.php?rest_route=\/wp\/v2\/users\/2"}],"replies":[{"embeddable":true,"href":"http:\/\/www.cslangholm.dk\/index.php?rest_route=%2Fwp%2Fv2%2Fcomments&post=103"}],"version-history":[{"count":10,"href":"http:\/\/www.cslangholm.dk\/index.php?rest_route=\/wp\/v2\/pages\/103\/revisions"}],"predecessor-version":[{"id":335,"href":"http:\/\/www.cslangholm.dk\/index.php?rest_route=\/wp\/v2\/pages\/103\/revisions\/335"}],"wp:featuredmedia":[{"embeddable":true,"href":"http:\/\/www.cslangholm.dk\/index.php?rest_route=\/wp\/v2\/media\/116"}],"wp:attachment":[{"href":"http:\/\/www.cslangholm.dk\/index.php?rest_route=%2Fwp%2Fv2%2Fmedia&parent=103"}],"curies":[{"name":"wp","href":"https:\/\/api.w.org\/{rel}","templated":true}]}}